. Calculate the greatest common divisor of t and 19.
19
Suppose 7*h + 30 = 10*h. Suppose 8 = k - h. Calculate the highest common divisor of 54 and k.
18
Suppose i = h - 3*i - 50, 3*h - 150 = -3*i. What is the greatest common divisor of h and 225?
25
Let t(v) = v**2 + 7*v + 7. Let w be t(-6). Suppose -w - 24 = 5*b, -5*b + 563 = 4*p. Let x = -11 + p. What is the greatest common divisor of 17 and x?
17
Let c(x) = -x**3 + 12*x**2 + 4. Let v be c(12). Calculate the highest common divisor of v and 64.
4
Let k be 39 + 0 + -1 + 2. Suppose 3*s - 17 = c, 2*s + 7*c - 2*c - 17 = 0. Let m be (-12)/18 + 100/s. What is the greatest common divisor of k and m?
8
Let h be (-2)/(3 - 11/3). Suppose 0 = -5*o + 4*o - h*q - 13, 5*q + 19 = o. Let x be (-9)/(-1) - 3/o. Calculate the highest common factor of x and 6.
6
Suppose 0 = -v + 5*d - 3, -3*v + 4*d = -2 - 0. Let f be ((-4)/(-6))/(v/(-3)). Let a be 3 - 174/2*f. What is the greatest common factor of 10 and a?
10
Suppose 77 + 43 = b. Calculate the highest common factor of b and 24.
24
Suppose 7*v = 16*v - 1890. Calculate the highest common factor of 21 and v.
21
Let c(o) = 3*o**3 - 4*o**2 - 3*o + 4. Let i = -9 + 12. Let q be c(i). What is the highest common factor of 24 and q?
8
Let x be 20988/165 + 4/5. Calculate the highest common factor of x and 320.
64
Let y(l) = -l + 27. Let v be y(15). What is the highest common divisor of v and 60?
12
Let u be (-1 - -3)*3/1. Let q be (-1)/(-3) - (-16)/(-48). Suppose -5*s + 10*s - 20 = q. What is the highest common divisor of s and u?
2
Suppose 3*o - t - 326 = 0, -3*o + 52*t + 330 = 49*t. Calculate the greatest common factor of 15 and o.
3
Suppose 3*r = -5*c + 5*r - 87, -2*c + 2*r = 36. Let z = c - -16. Let g(k) = 22*k**2 + k + 1. Let l be g(z). Calculate the highest common factor of 44 and l.
22
Suppose 1236 = 8*m - 9004. What is the highest common divisor of m and 240?
80
Let t(n) = -14*n - 48. Let y be t(-6). What is the greatest common factor of 48 and y?
12
Let p = 1180 - 1099. Calculate the greatest common divisor of 864 and p.
27
Suppose 2*n - 3*n + 15 = 0. Suppose 69 = h + n. Calculate the highest common factor of 36 and h.
18
Let o = -588 - -637. Calculate the greatest common divisor of 1 and o.
1
Suppose 542 = 10*k - 178. What is the highest common divisor of k and 24?
24
Let f be ((-153)/(-34))/(2/36). Let d be 3/(-2) + 14/28. Let b = d - -10. Calculate the highest common divisor of b and f.
9
Suppose 25 = 8*h + 25. Suppose h = -2*g + 54 + 24. Calculate the highest common factor of g and 13.
13
Suppose -9504 = 162*s - 180*s. Calculate the highest common factor of s and 33.
33
Let n be ((-80)/(-35))/8 + 3846/14. Calculate the greatest common factor of 11 and n.
11
Let h = 39 - 22. Suppose -h*u + 21*u = 24. What is the highest common divisor of 6 and u?
6
Let d(i) = 406*i + 100. Let v be d(1). What is the highest common factor of 92 and v?
46
Let s(n) = -5*n. Let m be s(-3). Suppose 0 = -4*k + 220 + 200. Calculate the highest common divisor of m and k.
15
Suppose 51 - 11 = 4*h. Suppose -h = -3*f + 2*f. Calculate the greatest common factor of 90 and f.
10
Suppose d - 23 - 28 = 0. Let x = d + -27. Let i(q) = -q**2 - 18*q + 4. Let k be i(-14). What is the greatest common divisor of x and k?
12
Suppose -5*m = w - 53, w - 146 = -3*w + 2*m. Calculate the greatest common divisor of w and 19.
19
Let f(b) = 9*b**3 + 4*b - 3. Let w be f(2). Suppose 3*h = -8 - 16. Let d = 3 - h. Calculate the greatest common factor of w and d.
11
Suppose -10 = 5*f - 65. Let r be (32/44)/(-4) + 398/f. Calculate the greatest common factor of 9 and r.
9
Let a = -16 + 20. Let v(q) be the third derivative of q**5/60 + 7*q**4/24 + 2*q**3 - 3*q**2. Let o be v(-8). What is the highest common divisor of a and o?
4
Let o be ((-4)/6)/(2/39). Let l = -8 - o. Calculate the greatest common factor of l and 20.
5
Let g(f) = -2*f**2 - 10*f + 4. Let j(o) = 10 + 4 - 10 + 8*o - o**2. Let x be j(9). Let r be g(x). What is the greatest common divisor of r and 32?
4
Suppose 0 = 11*i - 17*i + 228. What is the greatest common divisor of 19 and i?
19
Suppose 4*r + 2 = 2*s - 70, -4*r = -5*s + 192. What is the greatest common factor of 64 and s?
8
Let x = 4 - 2. Suppose -4*n = 4*h - 84, -39 = -2*n - 29. What is the greatest common factor of x and h?
2
Let n(w) = 6*w - 3. Let h be n(11). Suppose 3 = -4*l - 0*l + 5*k, 5*l - 5*k = 0. Calculate the highest common divisor of l and h.
3
Let f be (-44)/(-3)*765/170. Calculate the greatest common divisor of 165 and f.
33
Suppose -p + 2*z + 152 = p, 0 = 2*z + 8. Let r be 33/(-22) + 28/(-8) - -17. Let i be r/p + (-47)/(-6). What is the highest common divisor of i and 72?
8
Let f be (10 + -22)/(2/(-4)). Let b = 2 + f. What is the greatest common factor of 39 and b?
13
Let s be 591 + (1/(-2))/(-1)*2. Calculate the highest common factor of s and 16.
16
Let c = 1628 - 1622. What is the highest common divisor of 74 and c?
2
Suppose 2*p = 46*o - 49*o + 376, -4*p + 4*o + 712 = 0. Calculate the highest common divisor of 286 and p.
26
Let b = 80 - 75. Let x = 135 - 80. Calculate the greatest common factor of b and x.
5
Let y be (-924)/(-18) + (172/(-301) - (-26)/21). Suppose 70 = 3*s + 4*b, -4*s + 2*b + 145 = 37. What is the highest common divisor of s and y?
26
Let t(j) = -3*j - 3 + 7 - 4*j**2 + j**3 - 2 + 1. Let q be t(5). Let c be (q + -12)/(2/4). What is the greatest common divisor of c and 22?
2
Let f = 3 - 0. Suppose -j - 10 = -f*j. Suppose -2*w = -j*w + 18. Calculate the greatest common divisor of 42 and w.
6
Suppose s = -0 + 3. Suppose -s*m - 3 + 30 = 0. Let j be 7 - (0/1 - -4). What is the highest common divisor of j and m?
3
Let f = 265 - -440. Calculate the highest common divisor of 15 and f.
15
Let j(m) = 214*m - 6. Let v be j(1). Calculate the highest common factor of v and 52.
52
Let c = 718 + -509. Calculate the highest common divisor of c and 11.
11
Let o be (1/(-3))/((-2)/12). Let a = -110 - -110. Suppose a = -o*w + 55 + 57. What is the highest common factor of w and 84?
28
Let y be (-2)/(-3) + 16/3. Let j(o) = o**2 + 49*o - 108. Let q be j(-52). What is the highest common factor of y and q?
6
Let z(s) = -s**3 + s**2 + 12. Let x be z(0). Let j = x + -6. Let w(m) = 5*m**2 - 90*m - 261. Let t be w(21). What is the highest common divisor of j and t?
6
Let f = 189 - 117. What is the greatest common factor of 252 and f?
36
Let g(b) = -2 + 3 - 9*b + 3. Let k be g(-4). Suppose 2*i - 5*i + 24 = 0. Calculate the highest common divisor of i and k.
8
Let h = 14 - 22. Let v(c) = c**3 + 7*c**2 - 9*c - 4. Let o be v(h). Suppose -y - 54 = -o*n - 2*y, 6 = -3*y. Calculate the highest common divisor of 154 and n.
14
Let k be -1*1 + (4 - -9). Suppose -k*w = -9*w + 78. Let d be 13/w - (-114)/4. What is the highest common divisor of 7 and d?
7
Let f(j) = 2*j - 14. Suppose 0*w + 53 = w. Suppose 5*v - 2 = w. Let b be f(v). What is the highest common factor of 8 and b?
8
Suppose 2*a + 4*s - 304 = -2*a, -2*a = -4*s - 158. Calculate the highest common factor of 66 and a.
11
Suppose r = 6*x - x + 1401, 0 = -4*r - 2*x + 5692. What is the greatest common divisor of r and 29?
29
Let j be 7*(-3 - 81/(-7)). Calculate the greatest common factor of j and 160.
20
Suppose -30 = -0*z + 2*z - 2*j, 3*z + j = -29. Suppose -142 = -2*w + 4*w. Let f = z - w. What is the highest common factor of 20 and f?
20
Let m(k) = k**2 - 1. Let d be m(0). Let b be (-4 - 1)/(d/2). Let w be 5/(-4 + 9/2). Calculate the greatest common factor of b and w.
10
Let n be 196*11/132 - 2/6. What is the greatest common factor of 184 and n?
8
Suppose 12*x + 4 = 13*x. Let p(d) = -d**3 + 6*d**2 - 8*d + 5. Let t be p(x). Calculate the highest common divisor of t and 15.
5
Let v(r) = 12*r**2 + r. Let o be v(-1). Suppose 15*p - 68 = o*p. What is the highest common factor of p and 119?
17
Let a be 4/6 + (-256)/(-192). What is the greatest common divisor of a and 34?
2
Let u be 139/5 - 15/(-75). What is the highest common divisor of u and 56?
28
Suppose 11*a - 54 = 13*a. Let x = a - -28. Calculate the greatest common factor of x and 2.
1
Suppose 20 = 4*l - d, -l + 4*d = 7*d + 8. What is the highest common factor of l and 56?
4
Let f be (-3)/(3/10*46/(-69)). Calculate the greatest common factor of 135 and f.
15
Suppose 585*q + 1386 = 592*q. Wha